{"id":32,"date":"2025-04-02T18:30:21","date_gmt":"2025-04-02T18:30:21","guid":{"rendered":"https:\/\/mylifeproducts.no\/?page_id=32"},"modified":"2025-09-02T07:04:47","modified_gmt":"2025-09-02T07:04:47","slug":"priser-og-bestilling","status":"publish","type":"page","link":"https:\/\/mylifeproducts.no\/?page_id=32","title":{"rendered":"Priser, bestilling og salgsvilk\u00e5r"},"content":{"rendered":"<h2>Parter<\/h2>\n<p>Avtalen inng\u00e5s mellom Memas AS (selger) og abonnent p\u00e5 Memas-tjenesten (kunde) n\u00e5r web-tjenesten\u00a0<a href=\"http:\/\/adminweb.eu\/\" target=\"_blank\" rel=\"noopener\" data-saferedirecturl=\"https:\/\/www.google.com\/url?q=http:\/\/adminweb.eu&amp;source=gmail&amp;ust=1756832116653000&amp;usg=AOvVaw1miHquAL68ZgimgwkmjmfN\">adminweb.eu<\/a>\u00a0aktiveres.<\/p>\n<p>Det er alltid en 30 dagers gratis pr\u00f8veperiode f\u00f8r abonnementet begynner \u00e5 l\u00f8pe.<\/p>\n<h2>Abonnementstyper for private abonnenter<\/h2>\n<p>Memas har 4 forskjellige abonnementer.<\/p>\n<p>I Memas kan \u00e9n eller flere hjelpere administrere \u00e9n eller flere brukere.<\/p>\n<p>For alle abonnementene kan det v\u00e6re flere hjelpere.<\/p>\n<p>En abonnementstype er der \u00e9n eller flere hjelpere administrerer 1 bruker.<br \/>\nEn annen type er der \u00e9n eller flere hjelpere administrerer opp til 5 brukere.<\/p>\n<p>Hjelperen som tegner abonnementet, er Administrator og kan invitere flere hjelpere.<\/p>\n<p>Du kan tegne et m\u00e5nedlig eller \u00e5rlig abonnement for begge abonnementstypene.<\/p>\n<p>Avtalen l\u00f8per til abonnementet sies opp. Hvis abonnementet sies opp i pr\u00f8veperioden utl\u00f8ses ingen betaling. Ved m\u00e5nedsabonnement m\u00e5 det betales for p\u00e5begynt m\u00e5ned. Ved \u00e5rsabonnement m\u00e5 det betales for p\u00e5begynt \u00e5r.<\/p>\n<h2>Bestilling, priser og betaling for private abonnenter<\/h2>\n<p>For \u00e5 bestille og pr\u00f8ve Memas, trykk for \u00f8nsket alternativ.<\/p>\n<p>Det er alltid en 30 dagers gratis pr\u00f8veperiode f\u00f8r abonnementet begynner \u00e5 l\u00f8pe.<\/p>\n<p>Du m\u00e5 oppgi betalingsinformasjon n\u00e5r du starter pr\u00f8verperioden, men det utl\u00f8ses ikke betaling hvis du sier opp abonnementet i pr\u00f8veperioden.<\/p>\n<p>Du kan betale med Vipps, Visa eller kredittkort.<\/p>\n<p><img loading=\"lazy\" decoding=\"async\" class=\"alignnone size-medium wp-image-60\" src=\"https:\/\/mylifeproducts.no\/wp-content\/uploads\/2025\/04\/Priser-1-208x300.png\" alt=\"\" width=\"208\" height=\"300\" srcset=\"https:\/\/mylifeproducts.no\/wp-content\/uploads\/2025\/04\/Priser-1-208x300.png 208w, https:\/\/mylifeproducts.no\/wp-content\/uploads\/2025\/04\/Priser-1-709x1024.png 709w, https:\/\/mylifeproducts.no\/wp-content\/uploads\/2025\/04\/Priser-1.png 720w\" sizes=\"(max-width: 208px) 100vw, 208px\" \/> <img loading=\"lazy\" decoding=\"async\" class=\"alignnone size-medium wp-image-61\" src=\"https:\/\/mylifeproducts.no\/wp-content\/uploads\/2025\/04\/Priser-2-208x300.png\" alt=\"\" width=\"208\" height=\"300\" srcset=\"https:\/\/mylifeproducts.no\/wp-content\/uploads\/2025\/04\/Priser-2-208x300.png 208w, https:\/\/mylifeproducts.no\/wp-content\/uploads\/2025\/04\/Priser-2-709x1024.png 709w, https:\/\/mylifeproducts.no\/wp-content\/uploads\/2025\/04\/Priser-2.png 720w\" sizes=\"(max-width: 208px) 100vw, 208px\" \/> <img loading=\"lazy\" decoding=\"async\" class=\"alignnone size-medium wp-image-62\" src=\"https:\/\/mylifeproducts.no\/wp-content\/uploads\/2025\/04\/Priser-3-208x300.png\" alt=\"\" width=\"208\" height=\"300\" srcset=\"https:\/\/mylifeproducts.no\/wp-content\/uploads\/2025\/04\/Priser-3-208x300.png 208w, https:\/\/mylifeproducts.no\/wp-content\/uploads\/2025\/04\/Priser-3-709x1024.png 709w, https:\/\/mylifeproducts.no\/wp-content\/uploads\/2025\/04\/Priser-3.png 720w\" sizes=\"(max-width: 208px) 100vw, 208px\" \/> <img loading=\"lazy\" decoding=\"async\" class=\"alignnone size-medium wp-image-63\" src=\"https:\/\/mylifeproducts.no\/wp-content\/uploads\/2025\/04\/Priser-4-208x300.png\" alt=\"\" width=\"208\" height=\"300\" srcset=\"https:\/\/mylifeproducts.no\/wp-content\/uploads\/2025\/04\/Priser-4-208x300.png 208w, https:\/\/mylifeproducts.no\/wp-content\/uploads\/2025\/04\/Priser-4-709x1024.png 709w, https:\/\/mylifeproducts.no\/wp-content\/uploads\/2025\/04\/Priser-4.png 720w\" sizes=\"(max-width: 208px) 100vw, 208px\" \/><\/p>\n<h2>Pakker for institusjoner og kommuner<\/h2>\n<p>Dersom man \u00f8nsker abonnementer for mange hjelpere og et ubegrenset antall brukere, vil prisen bestemmes av hvor mange hjelpere man \u00f8nsker \u00e5 tegne abonnement for.<\/p>\n<p>Vi kan integrere Memas slik at kommunale ansatte kan logge seg inn med sin kommunekonto.<\/p>\n<p>Kontakt oss for \u00e5 f\u00e5 et tilbud.<\/p>\n<p>N\u00e5r vi selger til st\u00f8rre akt\u00f8rer kan vi tilby kurs for 10.000 kr per dag pluss reise.<\/p>\n<h2>Angrerett<\/h2>\n<p>Du kan velge \u00e5 si opp abonnementet i pr\u00f8veperioden. Da utl\u00f8ses ingen betaling.<\/p>\n<h2>Fullstendige salgs- og leveringsbetingelser for Memas AS<\/h2>\n<p>Salgs- og leveringsbetingelsene <a href=\"https:\/\/mylifeproducts.no\/wp-content\/uploads\/2025\/09\/Salgsvilkar-Memas.pdf\" target=\"_blank\" rel=\"noopener\">finner du her<\/a>.<\/p>\n","protected":false},"excerpt":{"rendered":"<p>Parter Avtalen inng\u00e5s mellom Memas AS (selger) og abonnent p\u00e5 Memas-tjenesten (kunde) n\u00e5r web-tjenesten\u00a0adminweb.eu\u00a0aktiveres. Det er alltid en 30 dagers gratis pr\u00f8veperiode f\u00f8r abonnementet begynner \u00e5 l\u00f8pe. Abonnementstyper for private abonnenter Memas har 4 forskjellige abonnementer. I Memas kan \u00e9n eller flere hjelpere administrere \u00e9n eller flere brukere. For alle abonnementene kan det v\u00e6re flere [&hellip;]<\/p>\n","protected":false},"author":3,"featured_media":0,"parent":0,"menu_order":0,"comment_status":"closed","ping_status":"closed","template":"","meta":{"footnotes":""},"_links":{"self":[{"href":"https:\/\/mylifeproducts.no\/index.php?rest_route=\/wp\/v2\/pages\/32"}],"collection":[{"href":"https:\/\/mylifeproducts.no\/index.php?rest_route=\/wp\/v2\/pages"}],"about":[{"href":"https:\/\/mylifeproducts.no\/index.php?rest_route=\/wp\/v2\/types\/page"}],"author":[{"embeddable":true,"href":"https:\/\/mylifeproducts.no\/index.php?rest_route=\/wp\/v2\/users\/3"}],"replies":[{"embeddable":true,"href":"https:\/\/mylifeproducts.no\/index.php?rest_route=%2Fwp%2Fv2%2Fcomments&post=32"}],"version-history":[{"count":21,"href":"https:\/\/mylifeproducts.no\/index.php?rest_route=\/wp\/v2\/pages\/32\/revisions"}],"predecessor-version":[{"id":215,"href":"https:\/\/mylifeproducts.no\/index.php?rest_route=\/wp\/v2\/pages\/32\/revisions\/215"}],"wp:attachment":[{"href":"https:\/\/mylifeproducts.no\/index.php?rest_route=%2Fwp%2Fv2%2Fmedia&parent=32"}],"curies":[{"name":"wp","href":"https:\/\/api.w.org\/{rel}","templated":true}]}}